is divided by 1263.
462
What is the remainder when 2337738 is divided by 1306?
1304
What is the remainder when 4891943 is divided by 376?
183
Calculate the remainder when 33624 is divided by 590.
584
What is the remainder when 47126732 is divided by 15708897?
41
What is the remainder when 744929 is divided by 5246?
5243
What is the remainder when 65180281 is divided by 38?
21
What is the remainder when 987374 is divided by 329105?
59
What is the remainder when 3318828 is divided by 181?
12
What is the remainder when 642915 is divided by 2041?
0
Calculate the remainder when 349292 is divided by 37751.
9533
What is the remainder when 2416191 is divided by 431?
5
What is the remainder when 3490812 is divided by 224?
220
Calculate the remainder when 449634 is divided by 358.
344
Calculate the remainder when 302924 is divided by 427.
181
Calculate the remainder when 3261410 is divided by 34695.
80
What is the remainder when 3067783 is divided by 46?
43
What is the remainder when 9249226 is divided by 87?
82
Calculate the remainder when 11179483 is divided by 771.
754
Calculate the remainder when 13460673 is divided by 79180.
73
Calculate the remainder when 39159199 is divided by 51055.
14
Calculate the remainder when 28292328 is divided by 4996.
4976
Calculate the remainder when 2049372595 is divided by 6263.
6261
What is the remainder when 2252201 is divided by 747?
743
Calculate the remainder when 2421560 is divided by 2758.
36
Calculate the remainder when 515874 is divided by 57315.
39
Calculate the remainder when 1639029 is divided by 666.
3
Calculate the remainder when 736035 is divided by 695.
30
Calculate the remainder when 17000552 is divided by 5.
2
What is the remainder when 50218661 is divided by 1256?
13
What is the remainder when 236057 is divided by 59010?
17
What is the remainder when 14331 is divided by 462?
9
What is the remainder when 72652 is divided by 730?
382
What is the remainder when 96392 is divided by 7336?
1024
Calculate the remainder when 463028 is divided by 30866.
38
What is the remainder when 9825689 is divided by 166537?
6
What is the remainder when 1079471 is divided by 1169?
484
Calculate the remainder when 5946657 is divided by 202.
181
What is the remainder when 9370426 is divided by 48?
10
What is the remainder when 8677036 is divided by 117257?
18
Calculate the remainder when 569999 is divided by 61.
15
What is the remainder when 427746 is divided by 2145?
891
What is the remainder when 336736 is divided by 30566?
510
What is the remainder when 428401 is divided by 142786?
43
Calculate the remainder when 2893992 is divided by 338.
36
What is the remainder when 5616258 is divided by 682?
670
What is the remainder when 5046075 is divided by 34?
33
Calculate the remainder when 1069396 is divided by 1069167.
229
What is the remainder when 140414 is divided by 70094?
226
Calculate the remainder when 77757287 is divided by 131.
10
What is the remainder when 1092821 is divided by 631?
560
What is the remainder when 31478 is divided by 7001?
3474
Calculate the remainder when 329131 is divided by 4767.
208
What is the remainder when 2674365967 is divided by 4154?
4151
What is the remainder when 18665 is divided by 1654?
471
Calculate the remainder when 25996 is divided by 3027.
1780
What is the remainder when 321755 is divided by 1985?
185
What is the remainder when 1993024 is divided by 725?
724
What is the remainder when 5088025 is divided by 2221?
1935
What is the remainder when 72775 is divided by 35371?
2033
What is the remainder when 138841 is divided by 2792?
2033
What is the remainder when 53494595 is divided by 221?
219
What is the remainder when 1215294 is divided by 183?
174
Calculate the remainder when 639819 is divided by 639698.
121
What is the remainder when 4632565 is divided by 21447?
13
What is the remainder when 2251871 is divided by 19928?
7
Calculate the remainder when 94364 is divided by 31429.
77
Calculate the remainder when 1675 is divided by 4.
3
What is the remainder when 44859855 is divided by 3933?
57
Calculate the remainder when 3800539 is divided by 909.
10
Calculate the remainder when 71989 is divided by 4467.
517
What is the remainder when 540198 is divided by 259?
183
Calculate the remainder when 2725694 is divided by 27.
17
Calculate the remainder when 290819830 is divided by 564.
562
What is the remainder when 6283297 is divided by 164?
129
What is the remainder when 106277 is divided by 13257?
221
Calculate the remainder when 1568237 is divided by 520245.
7502
Calculate the remainder when 35530 is divided by 12455.
10620
What is the remainder when 119187 is divided by 3510?
3357
Calculate the remainder when 2374408 is divided by 429.
322
Calculate the remainder when 207112771 is divided by 25.
21
What is the remainder when 84517765 is divided by 37?
34
What is the remainder when 3358101 is divided by 872?
29
What is the remainder when 103415 is divided by 6453?
167
What is the remainder when 56104828 is divided by 1491?
1480
Calculate the remainder when 189557 is divided by 7016.
125
What is the remainder when 20275236 is divided by 155?
151
Calculate the remainder when 57396915 is divided by 86.
85
Calculate the remainder when 4850866 is divided by 538929.
505
What is the remainder when 351767 is divided by 264?
119
Calculate the remainder when 2898108 is divided by 92.
16
Calculate the remainder when 1555496 is divided by 1182.
1166
What is the remainder when 13736122 is divided by 136001?
21
What is the remainder when 288909 is divided by 3959?
3861
Calculate the remainder when 306932 is divided by 43817.
213
Calculate the remainder when 1012749 is divided by 39.
36
What is the remainder when 139260 is divided by 9948?
9936
What is the remainder when 3298896 is divided by 173625?
21
What is the remainder when 16567018 is divided by 60?
58
Calculate the remainder when 106465237 is divided by 4172.
4141
Calculate the remainder when 1933172 is divided by 966585.
2
Calculate the remainder when 1843028 is divided by 3.
2
What is the remainder when 3943389 is divided by 12?
9
What is the remainder when 7571228 is divided by 81?
77
Calculate the remainder when 34810 is divided by 1390.
60
Calculate the remainder when 2931788 is divided by 1070.
1058
Calculate the remainder when 311081 is divided by 155460.
161
What is the remainder when 5568372 is divided by 3649?
3647
Calculate the remainder when 3053733 is divided by 48459.
816
What is the remainder when 133532 is divided by 133516?
16
Calculate the remainder when 1655577 is divided by 354.
273
Calculate the remainder when 13742269 is divided by 6871107.
55
Calculate the remainder when 1794051 is divided by 69001.
25
Calculate the remainder when 36075105 is divided by 86719.
1
Calculate the remainder when 19302199 is divided by 1256.
1247
What is the remainder when 120933 is divided by 4326?
4131
What is the remainder when 1035691408 is divided by 390?
388
Calculate the remainder when 36953 is divided by 5970.
1133
What is the remainder when 82719412 is divided by 1723321?
4
What is the remainder when 46739 is divided by 15118?
1385
What is the remainder when 1016608 is divided by 734?
18
Calculate the remainder when 37165096 is divided by 3716509.
6
What is the remainder when 9181011 is divided by 39?
21
What is the remainder when 405852 is divided by 135215?
207
Calculate the remainder when 794137 is divided by 794116.
21
Calculate the remainder when 1029581 is divided by 5989.
5462
What is the remainder when 273701 is divided by 1927?
67
Calculate the remainder when 197988 is divided by 38760.
4188
What is the remainder when 483565198 is divided by 2540?
2538
What is the remainder when 1279263 is divided by 5?
3
Calculate the remainder when 11517025 is divided by 95.
80
What is the remainder when 1592289 is divided by 182?
153
Calculate the remainder when 1776101 is divided by 1625.
1601
What is the remainder when 68449 is divided by 17106?
25
Calculate the remainder when 9563250 is divided by 581.
571
What is the remainder when 83517437 is divided by 16?
13
What is the remainder when 3071916 is divided by 275?
166
Calculate the remainder when 1525785 is divided by 15.
0
Calculate the remainder when 19358579 is divided by 2781.
